{"id":1135,"date":"2025-12-01T22:14:21","date_gmt":"2025-12-01T22:14:21","guid":{"rendered":"https:\/\/celineg-homestory.com\/?page_id=1135"},"modified":"2025-12-11T09:57:44","modified_gmt":"2025-12-11T09:57:44","slug":"mentions-legales","status":"publish","type":"page","link":"https:\/\/celineg-homestory.com\/?page_id=1135","title":{"rendered":"Mentions l\u00e9gales"},"content":{"rendered":"<style>.elementor-1135 .elementor-element.elementor-element-7bf0cdd{--display:flex;--flex-direction:column;--container-widget-width:100%;--container-widget-height:initial;--container-widget-flex-grow:0;--container-widget-align-self:initial;--flex-wrap-mobile:wrap;--padding-top:60px;--padding-bottom:60px;--padding-left:0px;--padding-right:0px;}.elementor-widget-text-editor{font-family:var( --e-global-typography-text-font-family ), Sans-serif;font-weight:var( --e-global-typography-text-font-weight );color:var( --e-global-color-text );}.elementor-widget-text-editor.elementor-drop-cap-view-stacked .elementor-drop-cap{background-color:var( --e-global-color-primary );}.elementor-widget-text-editor.elementor-drop-cap-view-framed .elementor-drop-cap, .elementor-widget-text-editor.elementor-drop-cap-view-default .elementor-drop-cap{color:var( --e-global-color-primary );border-color:var( --e-global-color-primary );}:root{--page-title-display:none;}@media(min-width:768px){.elementor-1135 .elementor-element.elementor-element-7bf0cdd{--content-width:1250px;}}<\/style>\t\t<div data-elementor-type=\"wp-page\" data-elementor-id=\"1135\" class=\"elementor elementor-1135\" data-elementor-post-type=\"page\">\n\t\t\t\t<div class=\"elementor-element elementor-element-7bf0cdd e-flex e-con-boxed e-con e-parent\" data-id=\"7bf0cdd\" data-element_type=\"container\">\n\t\t\t\t\t<div class=\"e-con-inner\">\n\t\t\t\t<div class=\"elementor-element elementor-element-c8d6a9b elementor-widget elementor-widget-text-editor\" data-id=\"c8d6a9b\" data-element_type=\"widget\" data-widget_type=\"text-editor.default\">\n\t\t\t\t\t\t\t\t\t<h1>Mentions l\u00e9gales \u2013 Version \u00e0 trous pour C\u00e9line Ghio | Home Story<\/h1>\n<section>\n<h2>Clause de confidentialit\u00e9<\/h2>\n<p>C\u00e9line G Home Story E.I. s\u2019engage \u00e0 ne pas vendre, louer ou divulguer d\u2019une fa\u00e7on quelconque votre adresse \u00e9lectronique ou toute autre information personnelle.<\/p>\n<p>Conform\u00e9ment aux dispositions de la loi n\u00b078-17 du 6 janvier 1978, vous disposez d\u2019un droit d\u2019acc\u00e8s, de rectification et d\u2019opposition sur les donn\u00e9es nominatives vous concernant.<\/p>\n<\/section>\n<section>\n<h2>Propri\u00e9t\u00e9 du site<\/h2>\n<p>Le pr\u00e9sent site <b>https:\/\/celineg-homestory.com\/<\/b>&nbsp;est la propri\u00e9t\u00e9 de C\u00e9line G Home Story E.I.&nbsp;&nbsp;sans capital, inscrite au registre du commerce et des soci\u00e9t\u00e9s sous le num\u00e9ro&nbsp;<span style=\"color: #222222; font-family: Arial, Helvetica, sans-serif; font-size: small;\">907 990 147 R.S.A.C. Toulon<\/span><span style=\"font-size: 1rem;\">,&nbsp;<\/span><span style=\"font-style: inherit; font-weight: inherit;\">dont le si\u00e8ge social est situ\u00e9 <\/span><b style=\"font-style: inherit;\">\u00e0 Sanary-sur-Mer (en cours d&#8217;attribution d&#8217;adresse exacte).<\/b><\/p>\n<\/section>\n<section>\n<h2>Contenu du site<\/h2>\n<p>Le contenu du site est compos\u00e9 par sa structure g\u00e9n\u00e9rale et les \u00e9l\u00e9ments qui le composent : textes, images anim\u00e9es ou non, sons et \u00e9l\u00e9ments multim\u00e9dias.<\/p>\n<p>Toute repr\u00e9sentation totale ou partielle de ce site et de son contenu, par quelque proc\u00e9d\u00e9 que ce soit, sans autorisation pr\u00e9alable expresse de C\u00e9line G Home Story E.I. , est interdite et constituerait une contrefa\u00e7on sanctionn\u00e9e par les articles L335-2 et suivants du Code de la propri\u00e9t\u00e9 intellectuelle.<\/p>\n<p>Toutes les images, textes et descriptifs du site ne sont en aucun cas contractuels.<\/p>\n<\/section>\n<section>\n<h2>Propri\u00e9t\u00e9 intellectuelle<\/h2>\n<p>Les contenus de ce site (structure, design, textes, images, animations, logo) sont la propri\u00e9t\u00e9 exclusive de C\u00e9line G Home Story E.I..<\/p>\n<p>Toute reproduction totale ou partielle est soumise \u00e0 l\u2019autorisation \u00e9crite et expresse de C\u00e9line G Home Story E.I..<\/p>\n<\/section>\n<section>\n<h2>Liens hypertextes<\/h2>\n<p>Les liens hypertextes pr\u00e9sents sur ce site renvoyant vers d\u2019autres ressources disponibles sur Internet ne sauraient engager la responsabilit\u00e9 de C\u00e9line G Home Story E.I..<\/p>\n<\/section>\n<section>\n<h2>Loi informatique et libert\u00e9s<\/h2>\n<p>Les utilisateurs du site doivent respecter la loi informatique et libert\u00e9s. Toute collecte, utilisation d\u00e9tourn\u00e9e ou action portant atteinte \u00e0 la vie priv\u00e9e ou \u00e0 la r\u00e9putation des personnes est strictement interdite et p\u00e9nalement sanctionn\u00e9e selon les dispositions du nouveau Code p\u00e9nal (section V \u00ab atteintes aux droits des personnes \u00bb et chapitre III \u00ab atteintes aux syst\u00e8mes de traitement automatis\u00e9 \u00bb).<\/p>\n<p>Les informations envoy\u00e9es \u00e0 C\u00e9line G Home Story E.I. ne feront l\u2019objet d\u2019aucune diffusion \u00e0 un tiers.<\/p>\n<p>Vous disposez d\u2019un droit d\u2019acc\u00e8s, de modification, de rectification et de suppression des donn\u00e9es vous concernant (art. 34 de la loi \u00ab Informatique et Libert\u00e9s \u00bb). Pour l\u2019exercer, contactez-nous :&nbsp;<br><span style=\"color: #000000; font-family: 'Helvetica Neue'; font-size: 13px;\"><br>celine.ghio@iadfrance.fr<\/span><\/p>\n<\/section>\n<section>\n<h2>H\u00e9bergement du site<\/h2>\n<p>Le site https:\/\/celineg-homestory.com\/&nbsp;<span style=\"font-size: 1rem;\">est h\u00e9berg\u00e9<\/span><span style=\"font-size: 1rem;\">&nbsp;sur :&nbsp;<\/span><\/p>\n<div style=\"box-sizing: inherit; -webkit-font-smoothing: antialiased; color: #00185e; font-size: 36px; font-weight: bold; font-family: 'Source Sans Pro', 'Trebuchet MS', Arial, 'Segoe UI', sans-serif; line-height: 45.008px; --osds-text-color-specific-hue: hsla(224.7deg,100%,18.4%,1);\">\n<h2 style=\"box-sizing: inherit; -webkit-font-smoothing: antialiased; margin-bottom: 0px; font-size: inherit; font-weight: inherit;\">OVH<\/h2>\n<div>&nbsp;<\/div>\n<\/div>\n<div style=\"box-sizing: inherit; -webkit-font-smoothing: antialiased; color: #4d5693; font-family: 'Source Sans Pro', 'Trebuchet MS', Arial, 'Segoe UI', sans-serif; line-height: 20px;\">\n<p style=\"box-sizing: inherit; -webkit-font-smoothing: antialiased; margin-bottom: 1rem; font-size: inherit;\">SAS au capital de 50 000 000 \u20ac<\/p>\n<p style=\"box-sizing: inherit; -webkit-font-smoothing: antialiased; margin-bottom: 1rem; font-size: inherit;\">RCS Lille M\u00e9tropole 424 761 419 00045<br style=\"box-sizing: inherit; -webkit-font-smoothing: antialiased; font-size: inherit; font-weight: inherit;\">Code APE 2620Z<br style=\"box-sizing: inherit; -webkit-font-smoothing: antialiased; font-size: inherit; font-weight: inherit;\">N\u00b0 TVA : FR 22 424 761 419<br style=\"box-sizing: inherit; -webkit-font-smoothing: antialiased; font-size: inherit; font-weight: inherit;\">Si\u00e8ge social : 2 rue Kellermann &#8211; 59100 Roubaix &#8211; France<\/p>\n<p style=\"box-sizing: inherit; -webkit-font-smoothing: antialiased; margin-bottom: 1rem; font-size: inherit;\">OVH SAS est une filiale de la soci\u00e9t\u00e9 OVH Groupe SA, soci\u00e9t\u00e9 immatricul\u00e9e au RCS de Lille sous le num\u00e9ro 537 407 926 sise 2, rue Kellermann, 59100 Roubaix.<\/p>\n<p style=\"box-sizing: inherit; -webkit-font-smoothing: antialiased; margin-bottom: 0px; font-size: inherit;\">Ce site est h\u00e9berg\u00e9 par OVH SAS 2 rue Kellermann &#8211; 59100 Roubaix &#8211; France<\/p><p style=\"box-sizing: inherit; -webkit-font-smoothing: antialiased; margin-bottom: 0px; font-size: inherit;\"><br><\/p>\n<p style=\"box-sizing: inherit; -webkit-font-smoothing: antialiased; margin-bottom: 0px; font-size: inherit;\">\n<\/p><p style=\"box-sizing: inherit; -webkit-font-smoothing: antialiased; margin-bottom: 0px; font-size: inherit;\">\n<\/p><\/div>\n<\/section>\n<section>\n<h2>Cr\u00e9dits<\/h2>\n<p>R\u00e9daction des textes et positionnement de marque et site web : <b>Mariesoi Studio&nbsp;<\/b><\/p>\n<p><b>Cr\u00e9dits Photos :&nbsp;<\/b><span style=\"color: #1e293b; font-weight: 600; font-size: 1rem;\">Fannie Gortazar<\/span><\/p>\n<\/section>\t\t\t\t\t\t\t\t<\/div>\n\t\t\t\t\t<\/div>\n\t\t\t\t<\/div>\n\t\t\t\t<\/div>\n\t\t","protected":false},"excerpt":{"rendered":"<p>Mentions l\u00e9gales \u2013 Version \u00e0 trous pour C\u00e9line Ghio | Home Story Clause de confidentialit\u00e9 C\u00e9line G Home Story E.I. [&hellip;]<\/p>\n","protected":false},"author":1,"featured_media":0,"parent":0,"menu_order":0,"comment_status":"closed","ping_status":"closed","template":"","meta":{"site-sidebar-layout":"no-sidebar","site-content-layout":"","ast-site-content-layout":"full-width-container","site-content-style":"default","site-sidebar-style":"default","ast-global-header-display":"","ast-banner-title-visibility":"","ast-main-header-display":"","ast-hfb-above-header-display":"","ast-hfb-below-header-display":"","ast-hfb-mobile-header-display":"","site-post-title":"disabled","ast-breadcrumbs-content":"","ast-featured-img":"disabled","footer-sml-layout":"","ast-disable-related-posts":"","theme-transparent-header-meta":"","adv-header-id-meta":"","stick-header-meta":"","header-above-stick-meta":"","header-main-stick-meta":"","header-below-stick-meta":"","astra-migrate-meta-layouts":"default","ast-page-background-enabled":"default","ast-page-background-meta":{"desktop":{"background-color":"var(--ast-global-color-5)","background-image":"","background-repeat":"repeat","background-position":"center center","background-size":"auto","background-attachment":"scroll","background-type":"","background-media":"","overlay-type":"","overlay-color":"","overlay-opacity":"","overlay-gradient":""},"tablet":{"background-color":"","background-image":"","background-repeat":"repeat","background-position":"center center","background-size":"auto","background-attachment":"scroll","background-type":"","background-media":"","overlay-type":"","overlay-color":"","overlay-opacity":"","overlay-gradient":""},"mobile":{"background-color":"","background-image":"","background-repeat":"repeat","background-position":"center center","background-size":"auto","background-attachment":"scroll","background-type":"","background-media":"","overlay-type":"","overlay-color":"","overlay-opacity":"","overlay-gradient":""}},"ast-content-background-meta":{"desktop":{"background-color":"var(--ast-global-color-4)","background-image":"","background-repeat":"repeat","background-position":"center center","background-size":"auto","background-attachment":"scroll","background-type":"","background-media":"","overlay-type":"","overlay-color":"","overlay-opacity":"","overlay-gradient":""},"tablet":{"background-color":"var(--ast-global-color-4)","background-image":"","background-repeat":"repeat","background-position":"center center","background-size":"auto","background-attachment":"scroll","background-type":"","background-media":"","overlay-type":"","overlay-color":"","overlay-opacity":"","overlay-gradient":""},"mobile":{"background-color":"var(--ast-global-color-4)","background-image":"","background-repeat":"repeat","background-position":"center center","background-size":"auto","background-attachment":"scroll","background-type":"","background-media":"","overlay-type":"","overlay-color":"","overlay-opacity":"","overlay-gradient":""}},"footnotes":""},"class_list":["post-1135","page","type-page","status-publish","hentry"],"_links":{"self":[{"href":"https:\/\/celineg-homestory.com\/index.php?rest_route=\/wp\/v2\/pages\/1135","targetHints":{"allow":["GET"]}}],"collection":[{"href":"https:\/\/celineg-homestory.com\/index.php?rest_route=\/wp\/v2\/pages"}],"about":[{"href":"https:\/\/celineg-homestory.com\/index.php?rest_route=\/wp\/v2\/types\/page"}],"author":[{"embeddable":true,"href":"https:\/\/celineg-homestory.com\/index.php?rest_route=\/wp\/v2\/users\/1"}],"replies":[{"embeddable":true,"href":"https:\/\/celineg-homestory.com\/index.php?rest_route=%2Fwp%2Fv2%2Fcomments&post=1135"}],"version-history":[{"count":19,"href":"https:\/\/celineg-homestory.com\/index.php?rest_route=\/wp\/v2\/pages\/1135\/revisions"}],"predecessor-version":[{"id":1354,"href":"https:\/\/celineg-homestory.com\/index.php?rest_route=\/wp\/v2\/pages\/1135\/revisions\/1354"}],"wp:attachment":[{"href":"https:\/\/celineg-homestory.com\/index.php?rest_route=%2Fwp%2Fv2%2Fmedia&parent=1135"}],"curies":[{"name":"wp","href":"https:\/\/api.w.org\/{rel}","templated":true}]}}